12 - -14))?
-62
(-1617 - -1574) + 32 + -1
-12
86 + (514 - 550 - (0 + -23))
73
Evaluate 20 - 115 - (-59 - -9).
-45
What is 40 - (5 + (22 - -9))?
4
What is the value of 41 + (2 - (-65 - -35))?
73
Calculate 26 - (0 - -37 - (163 - 142)).
10
What is -30 - (-7 - 8) - (8 + -39)?
16
Evaluate -1 - -8 - (-16 - ((-2 - -1) + (111 - 133))).
0
What is the value of -46 - -135 - 69 - 82?
-62
Evaluate -7 + 49 - (-102 + 96).
48
Calculate (53 + -65 - (-48 + 0)) + -6 + 0 + 7.
37
Calculate 15 - (5 - 8) - (3 + 1 - (8 - 7)).
15
What is 2 + 50 - (-111 + 62 + 35)?
66
41 - (-140 - -138 - (-3 - (2 + -5) - -4))
47
What is the value of (-155 - (-164 - 8)) + (-3 - (3 + -23))?
34
Calculate (-33 + 12 - -13) + -11 + (2 - 4).
-21
What is 0 - (-5 + 6 + -1) - (61 - 104)?
43
What is 10 + -61 + -5 + 69 + -66 + (0 - -12)?
-41
Evaluate 65 + -14 - ((6 - 3) + -3 + 3 + -5).
53
Evaluate 2 + 1 + -6 + 49 + 4.
50
What is the value of 0 - 12 - (-12 - (0 + -78 + (-12 - -3)))?
-87
What is the value of 10 + -76 - (-29 + -4)?
-33
What is the value of 121 + -37 + -51 + 11 + -1?
43
Calculate 20 + (20 - (20 + -12 + 44)).
-12
Evaluate (13 - ((9 - -2) + -16 - -40)) + -9.
-31
-20 - (-6 + 35 - 56) - 64
-57
Evaluate -3 + 11 + -16 - (-14 + (40 - 12)).
-22
What is 81 - (98 + -101 - -67)?
17
What is the value of (5 - -1) + -31 + -3 + -6 + (-2 - -19)?
-17
Calculate (17 - 7) + (-1 - -21) + (544 - 553).
21
Evaluate (40 + -14 - 23 - 72) + 20.
-49
What is -4 + 2 + 2 + -5 + 2 + (-37 - 8)?
-48
What is the value of (-38 - -1) + (-1 - (-31 - -19 - -10)) + 9?
-27
(-10 + -2 - 21) + (27 - 61)
-67
Calculate (-80 - -1) + 0 + -76 + 73 + 18.
-64
What is (8 - -32) + (9 + 39 - 38)?
50
What is 486 + -493 - (2 - -3)?
-12
What is the value of 40 + (-5 + 4 - (30 - (3 + 14)))?
26
Evaluate -111 + (177 - -17) - 163.
-80
What is -5 + (-2 + -3 - -26) + 16?
32
12 - ((60 - 11) + -4)
-33
Evaluate 8 - -52 - (-421 - -436).
45
What is -144 + 92 + -41 + 119?
26
Calculate (-4 - -2) + 5 - (-4 - (-7 + 6)) - 46.
-40
What is (47 + -21 - 14) + -20 - 39?
-47
Calculate -4 + (258 + -125 - (-2 - (14 - (8 + -2)))).
139
What is the value of (43 - (0 - 24)) + 2 + -23?
46
Calculate -9 - (7 - ((1 - -2) + 10) - -5) - 31.
-39
Evaluate (109 - 58 - 72) + -14 + -1.
-36
What is the value of -992 + 992 + 4 + (40 - (-6 - -4))?
46
-37 + (70 - 33 - -29)
29
What is (16 - (-15 - 58)) + (-49 - -25 - -28)?
93
What is the value of -116 + 107 - -44 - (-20 + 3)?
52
-1 + -12 + (-12 - -1 - 7) - 10
-41
Calculate (30 - 2) + (1 - (1 + 3)) + (18 - 7).
36
What is the value of 27 + 0 + 240 + -456 + 215?
26
-19 + -10 + (29 - (10 + 0))
-10
What is -24 + (12 - 0) + -26 - -23?
-15
Calculate -93 - -148 - (155 + -22).
-78
-5 + 4 + -2 - ((-8 + -44 - -2) + -1)
48
What is the value of (-5 - (2 + -2)) + -2 + (-38 - -22 - -28)?
5
What is 5 + -7 + -11 + (23 - (-8 - -2))?
16
1 + -11 + (-93 - (0 + -85))
-18
30 + 1 + 3614 + -3723
-78
Calculate 15 + -105 + -15 - ((4 - 3) + 5 + -1).
-110
Evaluate (-210 - -213) + (0 + 0 - 102) + 570 + -584.
-113
20 - (-16 + 15) - (3 + -3)
21
Evaluate -8 - -6 - ((-5 - 17) + 7 - -59).
-46
26 + 34 + -40 - 56
-36
What is the value of 10 + -7 + 5 + 4 + 3 + -10 + -21?
-16
What is the value of 109 + -2 - (-2601 - -2759)?
-51
Evaluate 16 - 52 - (-781 + 666).
79
(12 - (-9 - -15) - 18) + -11
-23
What is the value of 207 - 206 - (2 - (-1 - 1)) - (-98 - -27)?
68
What is 155 - (75 - -103) - (2 - -2)?
-27
What is the value of 2 - -3 - (32 - 36 - (-42 - 6))?
-39
Evaluate (22 - -10 - 51) + 44 + -24.
1
Evaluate (17 + -3 - 3) + (-19 - -18).
10
Calculate -58 + 11 + -57 + 40.
-64
-79 + (15 - (-25 - 6 - -28))
-61
What is the value of -7 - (-19 - (-54 + -39 + 22))?
-59
Evaluate -3 - (2 - 3) - (-8 - 2).
8
What is 22 + (47 - 25 - 30) - (-1 - -89)?
-74
What is the value of -48 + (-1 - -10) + 19?
-20
What is (-13 - 26) + (3 + 6 - 26)?
-56
What is the value of (-105 - -50 - -2) + 82?
29
What is the value of 13 + -18 - (-2 - 4) - (48 + -15)?
-32
(3 - 0) + (5 - (-2 + 1 + 10)) - 21
-22
What is 0 + (19 - 13) + 10 + -64 + -1?
-49
Calculate -11 + (12 - 13) - (-47 + -1 - -8).
28
What is the value of 1 + (-7 - 5 - -7) + (-11 - 2)?
-17
What is 98 + -49 - 131 - -143?
61
What is the value of (-9 - -10 - 62) + -15 + (-39 - -58)?
-57
Evaluate 4 - (94 + -108 + -95).
113
Evaluate 9 + -14 + 2 - (0 + -11 + -9 + 34).
-17
What is -15 - (-19 + 26) - (-12 - (4 + -106))?
-112
What is 6 + 0 + 36 + 9 + -41 + 38?
48
Calculate (-690 + 685 - (-2 + -3 + -11)) + (-1 - -34).
44
What is the value of 25 - (19 - (-37 + 27 + 7))?
3
What is -4 - (9 - 6) - ((-49 - 4) + 6 - -2)?
38
Evaluate 25 - 8 - (-20 + -79 + (36 - 15)).
95
Calculate 52 - (46 + -84 + 37).
53
What is (38 - 26 - 44) + 13?
-19
-17 + (9 + -44 - (-53 - -39))
-38
-99 - (71 - (175 + -57))
-52
-3443 + 3302 - (-2 - 87)
-52
Calculate 76 + (-10 - -20 - (65 + -41)) + -8.
54
Calculate -17 + (1343 - 1356) + (21 - 1 - -2).
-8
Calculate (6 - 53) + -2 + 29 - 9.
-29
3 + 40 - 3 - (-33 + 5 + 17)
51
What is the value of 1 + -1 + 25 + 15 + (0 - 12) + 6?
34
What is -30 + (-2 - -6) - (23 - 118)?
69
What is (9 + -105 - 12 - 4) + 12 + -16?
-116
What is the value of 61 + -126 + 7 + 73?
15
What is -60 + (49 - 24) + 4 + -2?
-33
What is the value of -52 + (0 - 20) - -83?
11
Calculate (2 - (-2 - 4)) + 95 + -90 - 4.
9
Evaluate (-13 + 9 - (-3 - -24) - 13) + 1.
-37
-126 - -49 - -16 - -44
-17
Calculate (-7 + -7 - (3 + -3) - 4) + 7.
-11
Calculate -5 + -1 + (2 + -53 - -50) + (1 - -41).
35
Evaluate 1586 + -1612 - (-4 - (-1 - -1)).
-22
17 + -25 + (1 - -28)
21
What is (3 - 20) + 12 + (27 - 32)?
-10
What is the value of -29 + (38 - 14) + -22 + 103?
76
What is the value of (1 - -79) + -240 + (113 - -122)?
75
What is -13 + 47 + 2 + 8?
44
What is the value of 14 - (-63 - (-28 + -23 + 41))?
67
What is the value of (-4 - 1) + (30 - ((20 - 5) + 9))?
1
(14 - (48 + 10)) + (-37 - -39)
-42
Calculate (16 - (-3 - 3)) + 892 + -903.
11
What is (-1 - (-1 + 1)) + 19 + -274 + 268?
12
What is (216 - 65 - 115) + (5 - (2 + 0) - -2)?
41
-3 - (0 + -2) - ((-9 - -15) + 11 + -25)
7
Evaluate 62 - ((-9 - -25) + (3 - -10)).
33
Evaluate 957 + -980 + (-1 - -105).
81
What is the value of (-20 - (-1 + 2)) + (252 - 242)?
-11
(35 + (2 - 41) - 4) + -27
-35
Calculate -1 + (17 - -2) + -61 + -45.
-88
Evaluate 23 + 78 + (1 - 59).
43
What is 8 + 7 + 11 + -108 - 5?
-87
(15 - -101) + -9 + -35
72
What is the value of -2 + 5 + (-3 - 136) + (-193 - -235)?
-94
(95 - 1 - (66 - 64)) + -13 + 6 - 9
76
Evaluate (-8 - (-7 - 24)) + 0 + (78 - 84).
17
Evaluate 14 + 0 - (1568 + -1490).
-64
-2 + 4 + 15 + -1 - (-6254 + 6257)
13
-1 + (-21 - -9) + -715 + 788
60
What is the value of 11 + (-41 - -16) - -66 - (1 - 4)?
55
(7 - -8) + -4 + 4 + (13 - 23) + -9
-4
What is the value of 13 - 15 - ((18 - 22) + 22)?
-20
Calculate 5 + (-2 - -24 - (455 + -396)).
-32
What is -10 + 1 + (-1 - 0) + -137 + 59?
-88
What is -4 - (107 - (-50 - -139))?
-22
96 + -188 - (-1 + -3 + -19)
-69
What is the value of -35 - ((4 - 79) + (100 - 77))?
17
Calculate (1 - 8 - (-40 + -10 + 51)) + -19 + -16.
-43
What is (4 - 2 - (4 + 17 + -47 + 17)) + 3?
14
-29 + 28 + 6 + 7 - -36
48
What is the value of -1 + 1 + -7 + 73 + (-10 - 5 - -3)?
54
What is the value of (2 - 4) + (-4 + -3 - -3) - (4 + 46)?
-56
14 + (-7 + 0 - (-36 - -41)) + (-5 - 120)
-123
Evaluate 13 + 0 + (2 - (-8 + 19) - (5 + -13)).
12
Calculate -7 - (3 + -6 - ((-13 - -30) + -12)).
1
Calculate 57 + (-47 + 53 + 2 + -6 - 15).
44
Calculate -3 - 33 - -46 - (55 - 5).
-40
What is the value of -81 + (47 - (80 + -73))?
-41
What is 5 + 49 + -1 + 42 + -3 + 1?
93
Evaluate -3165 + 3226 - (-1 + 47).
15
Calculate 193 + (-110 - 82 - -74).
75
-31 - (70 - (-7 - -82))
-26
What is the value of 5 - 8 - (10 + -4 + 6 - -52)?
-67
What is 16 + -2 + -7 + -20 - (-35 - -17)?
5
Evaluate 24 + (-124 - -138) + 13 + 0.
51
Calculate -2 + 39 - (-275 - -335).
-23
What is the value of 1 - (0 + -3) - ((16 - 1) + (-1281 - -1271))?
-1
Calculate -18 + 14 + -2 + 8 - -8 - -15.
25
Evaluate -10 + -58 + 11 - (-2 + 6 - 17).
-44
Calculate (-2 - -6 - 2) + -12 - (72 - 81 - -80).
-81
Evaluate (159 - 174) + 55 + (3 - -3).
46
What is 6 + -58 + (-570 - -703)?
81
-24 + 38 - -20 - 47
-13
Calculate (-35 - 175) + 108 - -63.
-39
Evaluate (128 - 233) + 275 + -76.
94
Calculate 17 - (147 + -154 - (8 + -10)).
22
Evaluate (-5 - -1 - -7) + (-94 + 44 - -41).
-6
What is the value of -70 - (22 - 